{"id":321,"date":"2025-01-24T22:32:40","date_gmt":"2025-01-25T04:32:40","guid":{"rendered":"https:\/\/cartoambientalconverdad.org\/?page_id=321"},"modified":"2025-08-06T19:56:16","modified_gmt":"2025-08-07T01:56:16","slug":"fortalecimiento-comunitario","status":"publish","type":"page","link":"https:\/\/cartoambientalconverdad.org\/index.php\/fortalecimiento-comunitario\/","title":{"rendered":"Comunitario"},"content":{"rendered":"\n<p class=\"has-headings-color has-text-color has-background has-link-color wp-elements-87eea0d83202747336f249b96814922b\" style=\"background-color:#def1ee\">El fortalecimiento comunitario es un proceso que busca que los miembros de una comunidad se organicen para lograr cambios.&nbsp;Para ello, se pueden realizar actividades que permitan regenerar, preservar y armonizar con el medio ambiente.&nbsp;<\/p>\n\n\n\n<h2 class=\"wp-block-heading\">Capacitaci\u00f3n Comunitaria <\/h2>\n\n\n\n<p class=\"has-headings-color has-text-color has-background has-link-color wp-elements-52b07f4b72ab828110ee659173554618\" style=\"background-color:#def1ee\">Es imprecindible aportar los conocimientos para implemetar infraestructura y t\u00e9cnicas para el almacenamiento, tratamiento y distribuci\u00f3n de los recursos h\u00eddricos en la comunidad, de acuerdo a las cualidades espec\u00edficas de cada zona. De igual manera establecer estrategias para el tratamiento y disposici\u00f3n de los desechos s\u00f3lidos y en general una cultura de protecci\u00f3n medioambiental o en su caso la recuperaci\u00f3n.<\/p>\n","protected":false},"excerpt":{"rendered":"<p>El fortalecimiento comunitario es un proceso que busca que los miembros de una comunidad se organicen para lograr cambios.&nbsp;Para ello, se pueden realizar actividades que &hellip;<\/p>\n","protected":false},"author":1,"featured_media":0,"parent":0,"menu_order":0,"comment_status":"closed","ping_status":"closed","template":"","meta":{"give_campaign_id":0,"_et_pb_use_builder":"off","_et_pb_old_content":"","_et_gb_content_width":"","_themeisle_gutenberg_block_has_review":false,"footnotes":""},"class_list":["post-321","page","type-page","status-publish","hentry"],"aioseo_notices":[],"campaignId":"","_links":{"self":[{"href":"https:\/\/cartoambientalconverdad.org\/index.php\/wp-json\/wp\/v2\/pages\/321","targetHints":{"allow":["GET"]}}],"collection":[{"href":"https:\/\/cartoambientalconverdad.org\/index.php\/wp-json\/wp\/v2\/pages"}],"about":[{"href":"https:\/\/cartoambientalconverdad.org\/index.php\/wp-json\/wp\/v2\/types\/page"}],"author":[{"embeddable":true,"href":"https:\/\/cartoambientalconverdad.org\/index.php\/wp-json\/wp\/v2\/users\/1"}],"replies":[{"embeddable":true,"href":"https:\/\/cartoambientalconverdad.org\/index.php\/wp-json\/wp\/v2\/comments?post=321"}],"version-history":[{"count":6,"href":"https:\/\/cartoambientalconverdad.org\/index.php\/wp-json\/wp\/v2\/pages\/321\/revisions"}],"predecessor-version":[{"id":585,"href":"https:\/\/cartoambientalconverdad.org\/index.php\/wp-json\/wp\/v2\/pages\/321\/revisions\/585"}],"wp:attachment":[{"href":"https:\/\/cartoambientalconverdad.org\/index.php\/wp-json\/wp\/v2\/media?parent=321"}],"curies":[{"name":"wp","href":"https:\/\/api.w.org\/{rel}","templated":true}]}}

<p class="has-headings-color has-text-color has-background has-link-color wp-elements-87eea0d83202747336f249b96814922b" style="background-color:#def1ee">El fortalecimiento comunitario es un proceso que busca que los miembros de una comunidad se organicen para lograr cambios.&nbsp;Para ello, se pueden realizar actividades que permitan regenerar, preservar y armonizar con el medio ambiente.&nbsp;</p>



<h2 class="wp-block-heading">Capacitación Comunitaria </h2>



<p class="has-headings-color has-text-color has-background has-link-color wp-elements-52b07f4b72ab828110ee659173554618" style="background-color:#def1ee">Es imprecindible aportar los conocimientos para implemetar infraestructura y técnicas para el almacenamiento, tratamiento y distribución de los recursos hídricos en la comunidad, de acuerdo a las cualidades específicas de cada zona. De igual manera establecer estrategias para el tratamiento y disposición de los desechos sólidos y en general una cultura de protección medioambiental o en su caso la recuperación.</p>
