{"id":316,"date":"2025-01-24T22:14:48","date_gmt":"2025-01-25T04:14:48","guid":{"rendered":"https:\/\/cartoambientalconverdad.org\/?page_id=316"},"modified":"2025-06-01T00:11:55","modified_gmt":"2025-06-01T06:11:55","slug":"inclusividad-socio-ambiental","status":"publish","type":"page","link":"https:\/\/cartoambientalconverdad.org\/index.php\/inclusividad-socio-ambiental\/","title":{"rendered":"Inclusividad Socio Ambiental"},"content":{"rendered":"\n<p class=\"has-headings-color has-text-color has-background has-link-color wp-elements-f068f8413352619eac4fe7926fb8d440\" style=\"background-color:#def1ee\">Nos referimos escencialemnte a una\u00a0labor de <strong>concientizaci\u00f3n en nuestra sociedad para colocar la Dimensi\u00f3n Ambiental a la misma altura de Valor que las cuestiones econ\u00f3micas y sociales<\/strong>. La inclusi\u00f3n socioambiental es la idea de que todos los seres humanos tienen derecho a vivir en un entorno saludable y sostenible.\u00a0As\u00ed que en una administraci\u00f3n municipal que desea implementar una verdadera Inclusividad Socio Ambiental, habr\u00e1 de actuar b\u00e1sicamente en proporcionar inclusividad social.\u00a0<\/p>\n","protected":false},"excerpt":{"rendered":"<p>Nos referimos escencialemnte a una\u00a0labor de concientizaci\u00f3n en nuestra sociedad para colocar la Dimensi\u00f3n Ambiental a la misma altura de Valor que las cuestiones econ\u00f3micas &hellip;<\/p>\n","protected":false},"author":1,"featured_media":0,"parent":0,"menu_order":0,"comment_status":"closed","ping_status":"closed","template":"","meta":{"give_campaign_id":0,"_et_pb_use_builder":"off","_et_pb_old_content":"","_et_gb_content_width":"","_themeisle_gutenberg_block_has_review":false,"footnotes":""},"class_list":["post-316","page","type-page","status-publish","hentry"],"aioseo_notices":[],"campaignId":"","_links":{"self":[{"href":"https:\/\/cartoambientalconverdad.org\/index.php\/wp-json\/wp\/v2\/pages\/316","targetHints":{"allow":["GET"]}}],"collection":[{"href":"https:\/\/cartoambientalconverdad.org\/index.php\/wp-json\/wp\/v2\/pages"}],"about":[{"href":"https:\/\/cartoambientalconverdad.org\/index.php\/wp-json\/wp\/v2\/types\/page"}],"author":[{"embeddable":true,"href":"https:\/\/cartoambientalconverdad.org\/index.php\/wp-json\/wp\/v2\/users\/1"}],"replies":[{"embeddable":true,"href":"https:\/\/cartoambientalconverdad.org\/index.php\/wp-json\/wp\/v2\/comments?post=316"}],"version-history":[{"count":4,"href":"https:\/\/cartoambientalconverdad.org\/index.php\/wp-json\/wp\/v2\/pages\/316\/revisions"}],"predecessor-version":[{"id":424,"href":"https:\/\/cartoambientalconverdad.org\/index.php\/wp-json\/wp\/v2\/pages\/316\/revisions\/424"}],"wp:attachment":[{"href":"https:\/\/cartoambientalconverdad.org\/index.php\/wp-json\/wp\/v2\/media?parent=316"}],"curies":[{"name":"wp","href":"https:\/\/api.w.org\/{rel}","templated":true}]}}

<p class="has-headings-color has-text-color has-background has-link-color wp-elements-f068f8413352619eac4fe7926fb8d440" style="background-color:#def1ee">Nos referimos escencialemnte a una labor de <strong>concientización en nuestra sociedad para colocar la Dimensión Ambiental a la misma altura de Valor que las cuestiones económicas y sociales</strong>. La inclusión socioambiental es la idea de que todos los seres humanos tienen derecho a vivir en un entorno saludable y sostenible. Así que en una administración municipal que desea implementar una verdadera Inclusividad Socio Ambiental, habrá de actuar básicamente en proporcionar inclusividad social. </p>

<p>Nos referimos escencialemnte a una labor de concientización en nuestra sociedad para colocar la Dimensión Ambiental a la misma altura de Valor que las cuestiones económicas &hellip;</p>
