{"id":113,"date":"2025-01-10T20:09:19","date_gmt":"2025-01-11T02:09:19","guid":{"rendered":"https:\/\/cartoambientalconverdad.org\/index.php\/hacia-un-equilibrio-armonico-entre-la-naturaleza-y-la-civilizacion\/"},"modified":"2026-03-15T19:13:57","modified_gmt":"2026-03-16T01:13:57","slug":"fuerzambiental","status":"publish","type":"page","link":"https:\/\/cartoambientalconverdad.org\/index.php\/fuerzambiental\/","title":{"rendered":"FuerzAmbiental"},"content":{"rendered":"\n<h2 class=\"wp-block-heading\">Que es FuerzAmbiental y AquaSaber?<\/h2>\n\n\n<div class=\"wp-block-image\">\n<figure class=\"aligncenter size-full\"><img loading=\"lazy\" decoding=\"async\" width=\"906\" height=\"821\" src=\"https:\/\/cartoambientalconverdad.org\/wp-content\/uploads\/2026\/03\/Pilares_FuerzAmbiental_y_AquaSaber.png\" alt=\"\" class=\"wp-image-1126\" srcset=\"https:\/\/cartoambientalconverdad.org\/wp-content\/uploads\/2026\/03\/Pilares_FuerzAmbiental_y_AquaSaber.png 906w, https:\/\/cartoambientalconverdad.org\/wp-content\/uploads\/2026\/03\/Pilares_FuerzAmbiental_y_AquaSaber-300x272.png 300w, https:\/\/cartoambientalconverdad.org\/wp-content\/uploads\/2026\/03\/Pilares_FuerzAmbiental_y_AquaSaber-768x696.png 768w, https:\/\/cartoambientalconverdad.org\/wp-content\/uploads\/2026\/03\/Pilares_FuerzAmbiental_y_AquaSaber-273x247.png 273w, https:\/\/cartoambientalconverdad.org\/wp-content\/uploads\/2026\/03\/Pilares_FuerzAmbiental_y_AquaSaber-600x544.png 600w\" sizes=\"(max-width: 906px) 100vw, 906px\" \/><\/figure>\n<\/div>\n\n\n<p class=\"has-headings-color has-text-color has-background has-link-color has-normal-font-size wp-elements-125b05acf92dd68ec406661da0da73e4\" style=\"background-color:#def1ee\">El rescate EcoSocial considera cuatro pilares fundamentales como visi\u00f3n global y FuerzAmbiental junto con AquaSaber son los ejes principales de nuestro proyecto para impulsar formaci\u00f3n participativa, rescate y modelos de conservaci\u00f3n ecosocial, los saberes del agua y proyectos agroverdes y de mitigaci\u00f3n:<\/p>\n\n\n\n<ul style=\"background-color:#def1ee\" class=\"wp-block-list has-headings-color has-text-color has-background has-link-color wp-elements-bbbaf6362a7372f4483d72cb0e0c9d2a\">\n<li class=\"has-headings-color has-text-color has-link-color has-normal-font-size wp-elements-529dd6396897adea371f95c840da7388\">Econ\u00f3mico<\/li>\n\n\n\n<li class=\"has-headings-color has-text-color has-link-color has-normal-font-size wp-elements-5f3a79910fe68e7ffa481e9a8688d677\">Gubernamental &#8211; Institucional<\/li>\n\n\n\n<li class=\"has-headings-color has-text-color has-link-color has-normal-font-size wp-elements-36a496e17de9ee4c9beee3a065ffd2f5\" style=\"font-style:normal;font-weight:700\"><mark style=\"background-color:#0F8B8D\" class=\"has-inline-color has-sitebg-color\">Social<\/mark><\/li>\n\n\n\n<li class=\"has-headings-color has-text-color has-link-color has-normal-font-size wp-elements-4d1c523f0631fd3b14ac98169477ac31\" style=\"font-style:normal;font-weight:700\"><mark style=\"background-color:#0F8B8D\" class=\"has-inline-color has-sitebg-color\">Medio Ambiente &#8211; Ecolog\u00eda<\/mark><\/li>\n<\/ul>\n\n\n\n<p class=\"has-headings-color has-text-color has-background has-link-color wp-elements-4881024f209fe20edba2a3283e80f57d\" style=\"background-color:#def1ee\">Nuestro equipo se integra por especialistas, docentes universitarios, investigadores y t\u00e9cnicos altamente calificados en diferentes vertientes para un mismo objetivo: <mark style=\"background-color:rgba(0, 0, 0, 0);color:#0e5e81\" class=\"has-inline-color\">La recuperaci\u00f3n EcoSocial<\/mark><\/p>\n\n\n\n<div class=\"wp-block-media-text has-media-on-the-right is-stacked-on-mobile is-vertically-aligned-center\" style=\"grid-template-columns:auto 40%\"><div class=\"wp-block-media-text__content\">\n<p class=\"has-text-align-center has-sitebg-color has-text-color has-background has-link-color has-normal-font-size wp-elements-a3a7431c4887ca2a006ea653f5034fe4\" style=\"background-color:#26646e\"><strong>Nos enfocamos en el tercer y cuarto pilar del Modelo de Atenci\u00f3n Medio Ambiental EcoSocial<\/strong><\/p>\n<\/div><figure class=\"wp-block-media-text__media\"><img loading=\"lazy\" decoding=\"async\" width=\"397\" height=\"720\" src=\"https:\/\/cartoambientalconverdad.org\/wp-content\/uploads\/2026\/02\/4-P-CuidadoMedioAmbiental-ver3-Cliped.png\" alt=\"\" class=\"wp-image-972 size-full\" srcset=\"https:\/\/cartoambientalconverdad.org\/wp-content\/uploads\/2026\/02\/4-P-CuidadoMedioAmbiental-ver3-Cliped.png 397w, https:\/\/cartoambientalconverdad.org\/wp-content\/uploads\/2026\/02\/4-P-CuidadoMedioAmbiental-ver3-Cliped-165x300.png 165w\" sizes=\"(max-width: 397px) 100vw, 397px\" \/><\/figure><\/div>\n\n\n\n<h2 class=\"wp-block-heading\"><\/h2>\n\n\n\n<figure class=\"wp-block-image\"><img decoding=\"async\" src=\"https:\/\/cartoambientalconverdad.org\/wp-content\/uploads\/2025\/01\/windmill-surrounded-by-grass-during-daytime-scaled-1.jpg\" alt=\"windmill surrounded by grass during daytime\"\/><\/figure>\n\n\n\n<h2 class=\"wp-block-heading\">La Importancia de recuperar y procurar al Medio Ambiente<\/h2>\n\n\n\n<p class=\"has-headings-color has-text-color has-background has-link-color wp-elements-2dc90e33eb8a7891b59f97e9db17e298\" style=\"background-color:#def1ee\">Recuperar y procurar el medio ambiente es una necesidad urgente para  la salud humana y la supervivencia del planeta. El deterioro ambiental causado por la contaminaci\u00f3n del aire, agua, suelo y alimentos, el uso indiscriminado de recursos naturales y el cambio clim\u00e1tico, se ha traducido en impacto sanitario grave, ocasionando enfermedades respiratorias, infecciosas y cr\u00f3nicas, adem\u00e1s de la intoxicaci\u00f3n y\/o desnutrici\u00f3n por deterioro alimentario. La crisis h\u00eddrica resultante y deficiencias administrativas limitan el acceso al agua potable, esencial para la vida, y por otra parte, el desplazamiento clim\u00e1tico de comunidades, incrementando la pobreza y la inequidad social. Estos da\u00f1os no solo comprometen el presente, sino que abren la puerta a consecuencias irreversibles que ponen en riesgo la biodiversidad, la producci\u00f3n de alimentos, la salud social y el equilibrio clim\u00e1tico global. Por ello, es vital adoptar acciones integrales que promuevan la educaci\u00f3n ambiental, la conservaci\u00f3n de ecosistemas y un desarrollo sostenible respetuoso, adoptando un esquema de derechos de la naturaleza. La protecci\u00f3n del medio ambiente es tambi\u00e9n un acto \u00e9tico y social que debe congregar a gobiernos, empresas, industria y ciudadanos hacia un futuro m\u00e1s justo y saludable.<\/p>\n\n\n\n<p><strong><em><mark style=\"background-color:rgba(0, 0, 0, 0)\" class=\"has-inline-color has-accent-2-color\">&#8220;Cuidar la Tierra es cuidar nuestra salud y la de las futuras generaciones&#8221;<\/mark><\/em><\/strong><\/p>\n\n\n\n<p><strong><mark style=\"background-color:rgba(0, 0, 0, 0)\" class=\"has-inline-color has-accent-2-color\"><em>&#8220;Recuperar el medio ambiente es recuperar la vida&#8221;<\/em><\/mark><\/strong><\/p>\n\n\n\n<p><strong><mark style=\"background-color:rgba(0, 0, 0, 0)\" class=\"has-inline-color has-accent-2-color\"><em>&#8220;Cada acci\u00f3n cuenta: preserva la naturaleza y protege tu bienestar&#8221;<\/em><\/mark><\/strong><\/p>\n","protected":false},"excerpt":{"rendered":"<p>Que es FuerzAmbiental y AquaSaber? El rescate EcoSocial considera cuatro pilares fundamentales como visi\u00f3n global y FuerzAmbiental junto con AquaSaber son los ejes principales de &hellip;<\/p>\n","protected":false},"author":1,"featured_media":0,"parent":0,"menu_order":0,"comment_status":"closed","ping_status":"closed","template":"","meta":{"give_campaign_id":0,"_et_pb_use_builder":"off","_et_pb_old_content":"<!-- wp:image {\"className\":\"wp-block-image\"} -->\n<figure class=\"wp-block-image\"><img src=\"http:\/\/cartoambientalconverdad.org\/wp-content\/uploads\/2025\/01\/windmill-surrounded-by-grass-during-daytime-scaled-1.jpg\" alt=\"windmill surrounded by grass during daytime\"\/><\/figure>\n<!-- \/wp:image -->\n\n<!-- wp:heading -->\n<h2 class=\"wp-block-heading\">Un Equipo Multidisciplinario Comprometido<\/h2>\n<!-- \/wp:heading -->\n\n<!-- wp:paragraph -->\n<p>Somos un equipo multidisciplinario cuya formaci\u00f3n y enfoque se orienta a lograr un equilibrio arm\u00f3nico de la naturaleza y la civilizaci\u00f3n humana. Nuestro objetivo es regenerar el medio ambiente, integrando estrategias que permitan alcanzar altos est\u00e1ndares de vida, todo ello manteniendo un v\u00ednculo profundo con los ciclos naturales de la tierra.<\/p>\n<!-- \/wp:paragraph -->\n\n<!-- wp:heading -->\n<h2 class=\"wp-block-heading\">La Importancia de Regenerar el Medio Ambiente<\/h2>\n<!-- \/wp:heading -->\n\n<!-- wp:paragraph -->\n<p>En un mundo donde los retos medioambientales son cada vez m\u00e1s urgentes, es esencial adoptar pr\u00e1cticas que promuevan la sostenibilidad. Regenerar el medio ambiente no solo implica cuidar nuestros recursos, sino tambi\u00e9n crear entornos que permitan una coexistencia saludable entre los seres humanos y la naturaleza. Esto se traduce en acciones diarias que pueden marcar una diferencia significativa.<\/p>\n<!-- \/wp:paragraph -->\n\n<!-- wp:heading -->\n<h2 class=\"wp-block-heading\">Salvemos la Vida, Salvemos a la Tierra<\/h2>\n<!-- \/wp:heading -->\n\n<!-- wp:paragraph -->\n<p>Concluimos que el llamado a la acci\u00f3n es inminente: <strong>salvemos la vida, salvemos a la tierra<\/strong>. Cada uno de nosotros tiene un papel crucial en la preservaci\u00f3n de nuestro planeta. A trav\u00e9s de la educaci\u00f3n, la innovaci\u00f3n y la colaboraci\u00f3n, podemos trabajar juntos hacia un futuro donde el desarrollo humano y la protecci\u00f3n del medio ambiente sean dos caras de la misma moneda.<\/p>\n<!-- \/wp:paragraph -->","_et_gb_content_width":"","_themeisle_gutenberg_block_has_review":false,"footnotes":""},"class_list":["post-113","page","type-page","status-publish","hentry"],"aioseo_notices":[],"campaignId":"","_links":{"self":[{"href":"https:\/\/cartoambientalconverdad.org\/index.php\/wp-json\/wp\/v2\/pages\/113","targetHints":{"allow":["GET"]}}],"collection":[{"href":"https:\/\/cartoambientalconverdad.org\/index.php\/wp-json\/wp\/v2\/pages"}],"about":[{"href":"https:\/\/cartoambientalconverdad.org\/index.php\/wp-json\/wp\/v2\/types\/page"}],"author":[{"embeddable":true,"href":"https:\/\/cartoambientalconverdad.org\/index.php\/wp-json\/wp\/v2\/users\/1"}],"replies":[{"embeddable":true,"href":"https:\/\/cartoambientalconverdad.org\/index.php\/wp-json\/wp\/v2\/comments?post=113"}],"version-history":[{"count":35,"href":"https:\/\/cartoambientalconverdad.org\/index.php\/wp-json\/wp\/v2\/pages\/113\/revisions"}],"predecessor-version":[{"id":1136,"href":"https:\/\/cartoambientalconverdad.org\/index.php\/wp-json\/wp\/v2\/pages\/113\/revisions\/1136"}],"wp:attachment":[{"href":"https:\/\/cartoambientalconverdad.org\/index.php\/wp-json\/wp\/v2\/media?parent=113"}],"curies":[{"name":"wp","href":"https:\/\/api.w.org\/{rel}","templated":true}]}}

<h2 class="wp-block-heading">Que es FuerzAmbiental y AquaSaber?</h2>


<div class="wp-block-image">
<figure class="aligncenter size-full"><img loading="lazy" decoding="async" width="906" height="821" src="https://cartoambientalconverdad.org/wp-content/uploads/2026/03/Pilares_FuerzAmbiental_y_AquaSaber.png" alt="" class="wp-image-1126" srcset="https://cartoambientalconverdad.org/wp-content/uploads/2026/03/Pilares_FuerzAmbiental_y_AquaSaber.png 906w, https://cartoambientalconverdad.org/wp-content/uploads/2026/03/Pilares_FuerzAmbiental_y_AquaSaber-300x272.png 300w, https://cartoambientalconverdad.org/wp-content/uploads/2026/03/Pilares_FuerzAmbiental_y_AquaSaber-768x696.png 768w, https://cartoambientalconverdad.org/wp-content/uploads/2026/03/Pilares_FuerzAmbiental_y_AquaSaber-273x247.png 273w, https://cartoambientalconverdad.org/wp-content/uploads/2026/03/Pilares_FuerzAmbiental_y_AquaSaber-600x544.png 600w" sizes="(max-width: 906px) 100vw, 906px" /></figure>
</div>


<p class="has-headings-color has-text-color has-background has-link-color has-normal-font-size wp-elements-125b05acf92dd68ec406661da0da73e4" style="background-color:#def1ee">El rescate EcoSocial considera cuatro pilares fundamentales como visión global y FuerzAmbiental junto con AquaSaber son los ejes principales de nuestro proyecto para impulsar formación participativa, rescate y modelos de conservación ecosocial, los saberes del agua y proyectos agroverdes y de mitigación:</p>



<ul style="background-color:#def1ee" class="wp-block-list has-headings-color has-text-color has-background has-link-color wp-elements-bbbaf6362a7372f4483d72cb0e0c9d2a">
<li class="has-headings-color has-text-color has-link-color has-normal-font-size wp-elements-529dd6396897adea371f95c840da7388">Económico</li>



<li class="has-headings-color has-text-color has-link-color has-normal-font-size wp-elements-5f3a79910fe68e7ffa481e9a8688d677">Gubernamental &#8211; Institucional</li>



<li class="has-headings-color has-text-color has-link-color has-normal-font-size wp-elements-36a496e17de9ee4c9beee3a065ffd2f5" style="font-style:normal;font-weight:700"><mark style="background-color:#0F8B8D" class="has-inline-color has-sitebg-color">Social</mark></li>



<li class="has-headings-color has-text-color has-link-color has-normal-font-size wp-elements-4d1c523f0631fd3b14ac98169477ac31" style="font-style:normal;font-weight:700"><mark style="background-color:#0F8B8D" class="has-inline-color has-sitebg-color">Medio Ambiente &#8211; Ecología</mark></li>
</ul>



<p class="has-headings-color has-text-color has-background has-link-color wp-elements-4881024f209fe20edba2a3283e80f57d" style="background-color:#def1ee">Nuestro equipo se integra por especialistas, docentes universitarios, investigadores y técnicos altamente calificados en diferentes vertientes para un mismo objetivo: <mark style="background-color:rgba(0, 0, 0, 0);color:#0e5e81" class="has-inline-color">La recuperación EcoSocial</mark></p>



<div class="wp-block-media-text has-media-on-the-right is-stacked-on-mobile is-vertically-aligned-center" style="grid-template-columns:auto 40%"><div class="wp-block-media-text__content">
<p class="has-text-align-center has-sitebg-color has-text-color has-background has-link-color has-normal-font-size wp-elements-a3a7431c4887ca2a006ea653f5034fe4" style="background-color:#26646e"><strong>Nos enfocamos en el tercer y cuarto pilar del Modelo de Atención Medio Ambiental EcoSocial</strong></p>
</div><figure class="wp-block-media-text__media"><img loading="lazy" decoding="async" width="397" height="720" src="https://cartoambientalconverdad.org/wp-content/uploads/2026/02/4-P-CuidadoMedioAmbiental-ver3-Cliped.png" alt="" class="wp-image-972 size-full" srcset="https://cartoambientalconverdad.org/wp-content/uploads/2026/02/4-P-CuidadoMedioAmbiental-ver3-Cliped.png 397w, https://cartoambientalconverdad.org/wp-content/uploads/2026/02/4-P-CuidadoMedioAmbiental-ver3-Cliped-165x300.png 165w" sizes="(max-width: 397px) 100vw, 397px" /></figure></div>



<h2 class="wp-block-heading"></h2>



<figure class="wp-block-image"><img decoding="async" src="https://cartoambientalconverdad.org/wp-content/uploads/2025/01/windmill-surrounded-by-grass-during-daytime-scaled-1.jpg" alt="windmill surrounded by grass during daytime"/></figure>



<h2 class="wp-block-heading">La Importancia de recuperar y procurar al Medio Ambiente</h2>



<p class="has-headings-color has-text-color has-background has-link-color wp-elements-2dc90e33eb8a7891b59f97e9db17e298" style="background-color:#def1ee">Recuperar y procurar el medio ambiente es una necesidad urgente para  la salud humana y la supervivencia del planeta. El deterioro ambiental causado por la contaminación del aire, agua, suelo y alimentos, el uso indiscriminado de recursos naturales y el cambio climático, se ha traducido en impacto sanitario grave, ocasionando enfermedades respiratorias, infecciosas y crónicas, además de la intoxicación y/o desnutrición por deterioro alimentario. La crisis hídrica resultante y deficiencias administrativas limitan el acceso al agua potable, esencial para la vida, y por otra parte, el desplazamiento climático de comunidades, incrementando la pobreza y la inequidad social. Estos daños no solo comprometen el presente, sino que abren la puerta a consecuencias irreversibles que ponen en riesgo la biodiversidad, la producción de alimentos, la salud social y el equilibrio climático global. Por ello, es vital adoptar acciones integrales que promuevan la educación ambiental, la conservación de ecosistemas y un desarrollo sostenible respetuoso, adoptando un esquema de derechos de la naturaleza. La protección del medio ambiente es también un acto ético y social que debe congregar a gobiernos, empresas, industria y ciudadanos hacia un futuro más justo y saludable.</p>



<p><strong><em><mark style="background-color:rgba(0, 0, 0, 0)" class="has-inline-color has-accent-2-color">&#8220;Cuidar la Tierra es cuidar nuestra salud y la de las futuras generaciones&#8221;</mark></em></strong></p>



<p><strong><mark style="background-color:rgba(0, 0, 0, 0)" class="has-inline-color has-accent-2-color"><em>&#8220;Recuperar el medio ambiente es recuperar la vida&#8221;</em></mark></strong></p>



<p><strong><mark style="background-color:rgba(0, 0, 0, 0)" class="has-inline-color has-accent-2-color"><em>&#8220;Cada acción cuenta: preserva la naturaleza y protege tu bienestar&#8221;</em></mark></strong></p>

<p>Que es FuerzAmbiental y AquaSaber? El rescate EcoSocial considera cuatro pilares fundamentales como visión global y FuerzAmbiental junto con AquaSaber son los ejes principales de &hellip;</p>

<!-- wp:image {"className":"wp-block-image"} -->
<figure class="wp-block-image"><img src="http://cartoambientalconverdad.org/wp-content/uploads/2025/01/windmill-surrounded-by-grass-during-daytime-scaled-1.jpg" alt="windmill surrounded by grass during daytime"/></figure>
<!-- /wp:image -->

<!-- wp:heading -->
<h2 class="wp-block-heading">Un Equipo Multidisciplinario Comprometido</h2>
<!-- /wp:heading -->

<!-- wp:paragraph -->
<p>Somos un equipo multidisciplinario cuya formación y enfoque se orienta a lograr un equilibrio armónico de la naturaleza y la civilización humana. Nuestro objetivo es regenerar el medio ambiente, integrando estrategias que permitan alcanzar altos estándares de vida, todo ello manteniendo un vínculo profundo con los ciclos naturales de la tierra.</p>
<!-- /wp:paragraph -->

<!-- wp:heading -->
<h2 class="wp-block-heading">La Importancia de Regenerar el Medio Ambiente</h2>
<!-- /wp:heading -->

<!-- wp:paragraph -->
<p>En un mundo donde los retos medioambientales son cada vez más urgentes, es esencial adoptar prácticas que promuevan la sostenibilidad. Regenerar el medio ambiente no solo implica cuidar nuestros recursos, sino también crear entornos que permitan una coexistencia saludable entre los seres humanos y la naturaleza. Esto se traduce en acciones diarias que pueden marcar una diferencia significativa.</p>
<!-- /wp:paragraph -->

<!-- wp:heading -->
<h2 class="wp-block-heading">Salvemos la Vida, Salvemos a la Tierra</h2>
<!-- /wp:heading -->

<!-- wp:paragraph -->
<p>Concluimos que el llamado a la acción es inminente: <strong>salvemos la vida, salvemos a la tierra</strong>. Cada uno de nosotros tiene un papel crucial en la preservación de nuestro planeta. A través de la educación, la innovación y la colaboración, podemos trabajar juntos hacia un futuro donde el desarrollo humano y la protección del medio ambiente sean dos caras de la misma moneda.</p>
<!-- /wp:paragraph -->
